
2
Let a = -49 + 28. Let m = 25 + a. Suppose -62 = -4*n + n - 4*f, 0 = -m*f + 8. What are the prime factors of n?
2, 3
Let n be -3 + 69/12 - (-4)/16. Suppose -124 = -3*f - n*q + 38, -f + 4*q = -39. What are the prime factors of f?
3, 17
Let s be (-162)/15 - 3/15. Let v(d) = 3*d**2 + 11*d + 1. What are the prime factors of v(s)?
3
Let x(s) = 63*s + 10. Let a(t) = t. Let p(y) = -3*a(y) - x(y). What are the prime factors of p(-3)?
2, 47
Let f(n) = n**2 + n + 3. Suppose 4*o - z - z + 38 = 0, 3*z + 31 = -2*o. Let b = -15 - o. List the prime factors of f(b).
3, 5
Let l be 33/(4/(-4*4)). Let t = l + 198. What are the prime factors of t?
2, 3, 11
Let q be (-1 + 2)*1*0. Suppose -2*k + 134 - 14 = q. List the prime factors of k.
2, 3, 5
Let u(w) = -556*w**3 - 2*w**2 + 6. List the prime factors of u(-2).
2, 3, 13, 19
Let w = 96 + -111. Let m = w - -72. What are the prime factors of m?
3, 19
List the prime factors of (-5)/35*36*28/(-6).
2, 3
What are the prime factors of (-7117)/(-22)*(5 - 3)?
647
Let g = -21 - 9. Let v = g - -33. What are the prime factors of v?
3
Let f = -132 + 90. Let p = f + 87. List the prime factors of p.
3, 5
Let l = -3285 + 7166. What are the prime factors of l?
3881
Let y(w) be the second derivative of w**5/20 - w**4/4 + 2*w**3/3 + 3*w**2/2 - 7*w. List the prime factors of y(4).
5, 7
Suppose 2041 = 15*z - 3779. What are the prime factors of z?
2, 97
List the prime factors of 114 + 0/(-1 - -9).
2, 3, 19
Let x = -915 + 179. List the prime factors of x/(-24) - 1/(-3).
31
Let i be 26/10 + 3/(-5). Let r(n) = -10*n - 10 - 5*n**2 - i*n**2 + 6*n**2. What are the prime factors of r(-5)?
3, 5
Suppose -4*y - 16*f + 14*f = -3484, -2*y = -2*f - 1742. What are the prime factors of y?
13, 67
Let o(k) = -2*k**2 + 8*k + 4*k + k**2 + 4 - 12. Let r be o(11). Suppose 2*j - 68 = -3*a, j = r*a - a + 20. List the prime factors of j.
2, 7
Let h = -203 - -207. What are the prime factors of h?
2
What are the prime factors of 3*(-7)/21*-28?
2, 7
Let l(i) = 3*i**2 + 4*i - 6. Let h(f) be the first derivative of 2*f**3/3 - 3*f**2 - 4*f - 5. Let a be h(3). List the prime factors of l(a).
2, 13
Suppose 3*q - 9 = 0, -5*q + 5152 + 598 = 5*a. What are the prime factors of a?
31, 37
Suppose 3*q + 9 = 0, 8*k - 3*k = -2*q + 3364. List the prime factors of k.
2, 337
Let b = 1619 + -776. What are the prime factors of b?
3, 281
Let n(w) = 7*w + 1. Let y(q) be the second derivative of -2*q**3/3 - q**2/2 + 7*q. Let l(c) = -3*n(c) - 5*y(c). What are the prime factors of l(-11)?
13
Let t(c) be the second derivative of -c**4/12 + 17*c**3/6 + 3*c**2/2 - 9*c. Let b be t(17). Let n = 72 + b. List the prime factors of n.
3, 5
Suppose 0 = -5*c - 3*c + 1000. List the prime factors of c.
5
Suppose -4*n = 4*x - 644, -4*n - 113 = -2*x + 221. What are the prime factors of x?
163
Let l(a) = -19*a**3 + 2*a**2 + 10*a + 6. List the prime factors of l(-4).
2, 607
Suppose 270 - 2196 = -3*v. What are the prime factors of v?
2, 3, 107
Suppose 0 = 2*s - 0*s. Suppose 2*y - x + 1 = 10, 3*y - x - 11 = s. What are the prime factors of y?
2
Let y be 20/15*9/6. Suppose -l - a + 27 = 0, 5*a + 31 = l - 14. Suppose -y*m + 4*m = l. What are the prime factors of m?
3, 5
What are the prime factors of 5/15 - (-49962)/18?
2, 347
Let z = -167 - -104. Let m = z - -191. What are the prime factors of m?
2
Let f(k) = k**2 - 9*k - 56. Let g be f(-13). What are the prime factors of 1 + (g/(-5))/(-1)?
47
Let z(d) = -d**2 - 4*d + 4. Let a be z(3). Let k = a - -70. What are the prime factors of k?
53
Suppose 4*d = 13 - 5. Let w = 55 - d. List the prime factors of w.
53
Let a = 999 + -604. List the prime factors of a.
5, 79
Let i = 1072 + -597. What are the prime factors of i?
5, 19
Let f = -31 + 54. Suppose 0*l - l + 223 = 3*j, 2*j - 158 = -3*l. Suppose -2*y - f = -j. What are the prime factors of y?
5
Let d = 2181 + -95. List the prime factors of d.
2, 7, 149
Let m(w) = -46 - 43 + 8*w + 85. Let b be m(3). Suppose -2*n + 0*n = 2*y + 4, -b = 4*n. List the prime factors of y.
3
Suppose 11*a - 8*a + 3*l - 2799 = 0, -1 = l. What are the prime factors of a?
2, 467
Let j(b) = -60*b + 2446. What are the prime factors of j(0)?
2, 1223
Suppose -4*y - 4*v = y - 6, -2*y + 3 = v. Let f be y*-1 - (5 + -216). List the prime factors of (f/(-44))/(1/(-4)).
19
Let f(a) = -a**3 - 5*a**2 + 7*a + 6. Let j be f(-6). Suppose 5*n + 3*c - 472 + 98 = j, -386 = -5*n + 3*c. List the prime factors of n.
2, 19
Suppose -2*x + 3278 = 2*v, 45*x - 42*x + v - 4911 = 0. List the prime factors of x.
2, 409
Let s(l) = -l**2 + 7*l - 10. Let k be s(4). Let c be (0 - k/(-1))*-14. Let g = c + 42. List the prime factors of g.
2, 7
Let v = -79 + 354. Suppose 0 = 5*g - 3*c - 391 + 121, -5*g = -2*c - v. What are the prime factors of g?
3, 19
Suppose 54*v - 101840 = 16636. List the prime factors of v.
2, 1097
Let i be 8/12 + (-1148)/(-6). Suppose 3*t - 2*o - 149 = 0, -4*t + i = 2*o + 2*o. What are the prime factors of t?
7
Suppose 0*g + 4*g = -5*p - 63, 2*p + 6 = 0. Let r = 4 + -7. Let b = r - g. List the prime factors of b.
3
Let g(k) = -3*k - 15. Let p be g(-6). Suppose 0 = 2*o - p*o + 103. List the prime factors of o.
103
Suppose 0 = -7*j + 72 + 19. Suppose 0 = -j*a + 22*a - 1197. List the prime factors of a.
7, 19
Suppose -5*p + 0*o + 100 = -5*o, 2*o = 3*p - 58. Let k = 20 - p. What are the prime factors of -1 - 66/(-2) - k?
2, 3, 5
Let j(d) = d**3 + 3*d**2 - d - 2. Let h(z) = -z**3 + z**2 - 4. Let q be h(0). Let u be j(q). Let f = u + 20. List the prime factors of f.
2, 3
Let h(z) = -2*z**2 - 108*z - 30. List the prime factors of h(-30).
2, 3, 5, 47
Let d = 18 - 12. Suppose 4*v = d*v + 8. What are the prime factors of 32 - v/(8/4)?
2, 17
Suppose 122943 - 4443 = 60*y. List the prime factors of y.
5, 79
Let m(r) = -6*r**3 - 9*r**2 - 10*r + 8. Let y be m(-5). Suppose 3*p - z = 694, -4*p + 369 + y = 4*z. List the prime factors of p.
233
Suppose 7*p - 2*p = 5*i + 95, 5*p + 4*i = 68. Suppose -5*l = p - 66. Suppose -5*k + l*k = 115. List the prime factors of k.
23
Suppose -5*n = -714 - 56. Suppose 0 = -5*j + 91 + n. What are the prime factors of j?
7
Let z = -69 - -115. Suppose 44 = 2*c - z. What are the prime factors of c?
3, 5
Suppose 0 = 3*f + 2*m - 8131, f - 3*m - 2697 = -m. List the prime factors of f.
2707
Let g(j) = 3*j. Let z(t) = 7*t - 1. Let s(m) = -5*g(m) + 2*z(m). Let p be s(-9). Let y = 16 + p. What are the prime factors of y?
23
Let c be (-1)/8 - (-1)/8. Suppose c*s - 10 = -s. Let t = 22 - s. List the prime factors of t.
2, 3
List the prime factors of (2 - (-18)/(-8))/(14/(-11536)).
2, 103
Let n = 24 + -27. What are the prime factors of 136 + (45/(-12) - n/4)?
7, 19
Suppose -m = -4*y - 520, 0 = -0*m + 6*m + 2*y - 3120. What are the prime factors of m?
2, 5, 13
Let h(u) = u**2 + 4*u + 2. Suppose -5*l - 15 = -4*m + 2, 2*l = -10. Let j = -7 - m. List the prime factors of h(j).
7
Let q(k) = -9*k + 0*k - 6 - 3*k + 3*k**2 + 22*k. What are the prime factors of q(-8)?
2, 53
Let k(r) = 3 - 1 - 14*r - 1 + 23*r - r**2. Let d be k(8). What are the prime factors of (-3)/((-10)/d - -1)?
3
Suppose 3*k = 2*k - 21. Let z = -13 - k. Suppose -h - 3*l = -z*l - 14, 0 = -2*h - 5*l + 13. What are the prime factors of h?
3
Suppose 0 = 3*g - 5*x - 232, -6*x = -3*g - 11*x + 242. List the prime factors of g.
79
Let j = -2671 + 8206. What are the prime factors of j?
3, 5, 41
Let q(o) be the first derivative of o**3/3 - o - 5. Let i be q(-4). Suppose i = -3*y, y + 4 = 5*s - 11. List the prime factors of s.
2
Suppose 3*a + 12 = 0, 3*u + a - 8 = -u. Suppose -2*s - 2*x - x + 161 = 0, -274 = -u*s + 2*x. What are the prime factors of s?
2, 11
Suppose 24 = -2*j - 2. Let d = j - -6. Let v(l) = -l**3 - 7*l**2 + 3. What are the prime factors of v(d)?
3
Let q(d) = 3*d - 29. Let v be q(7). Let y(m) = m**3 + 9*m**2 + 6*m - 6. Let u be y(v). Let c = 24 + u. What are the prime factors of c?
2, 17
Suppose -2*a - 90 = -4*d, -25 = -0*d - d - 2*a. Suppose -p + 37 = -d. What are the prime factors of p?
2, 3, 5
Let x = 17 - 7. Let o(k) = -k**2 + 6*k + 23. Let c be o(x). Let p = 5 - c. List the prime factors of p.
2, 11
Let x(g) = -g - 3*g + 0*g - g**2 + 3*g**3 + g**3 + 11. Let m(j) = 5*j**3 - j**2 - 4*j + 12. Let b(v) = -3*m(v) + 4*x(v). What are the prime factors of b(4)?
2, 5
Suppose -4*g + 5